{"id":8205,"date":"2020-05-27T08:10:36","date_gmt":"2020-05-27T06:10:36","guid":{"rendered":"https:\/\/amladcykler.com\/product\/staender-bakfiets\/"},"modified":"2025-03-07T09:10:25","modified_gmt":"2025-03-07T08:10:25","slug":"staender-bakfiets","status":"publish","type":"product","link":"https:\/\/amladcykler.com\/de\/product\/staender-bakfiets\/","title":{"rendered":"St\u00e4nder &#8211; Bakfiets"},"content":{"rendered":"<h2>St\u00e4nder f\u00fcr Bakfiets<\/h2>\n<p>Dieses Ersatzteil passt f\u00fcr das Modell Bakfiets.<\/p>\n<p>Er ist aus einem robusten Material gefertigt, das perfekt f\u00fcr raues Wetter geeignet ist.<\/p>\n<p>Der St\u00fctzfu\u00df ist stabil und flexibel, so dass er leicht mit dem Fu\u00df hoch- und runtergekickt werden kann und das Fahrrad gut st\u00fctzt.<\/p>\n<p>Den St\u00e4nder k\u00f6nnen Sie leicht selbst als Ersatzteil austauschen.<\/p>\n<p><span class=\"Y2IQFc\" lang=\"en\">Feder und Gummipuffer nicht enthalten. Die Feder des alten St\u00e4nders muss wiederverwendet werden. <\/span><\/p>\n<p>Farbe: Schwarz<\/p>\n","protected":false},"excerpt":{"rendered":"<h2>St\u00e4nder f\u00fcr Bakfiets<\/h2>\n<p>Dieses Ersatzteil passt f\u00fcr das Modell Bakfiets.<\/p>\n<p>Er ist aus einem robusten Material gefertigt, das perfekt f\u00fcr raues Wetter geeignet ist.<\/p>\n<p>Der St\u00fctzfu\u00df ist stabil und flexibel, so dass er leicht mit dem Fu\u00df hoch- und runtergekickt werden kann und das Fahrrad gut st\u00fctzt.<\/p>\n<p>Den St\u00e4nder k\u00f6nnen Sie leicht selbst als Ersatzteil austauschen.<\/p>\n<p><span class=\"Y2IQFc\" lang=\"en\">Feder und Gummipuffer nicht enthalten. Die Feder des alten St\u00e4nders muss wiederverwendet werden. <\/span><\/p>\n<p>Farbe: Schwarz<\/p>\n","protected":false},"featured_media":6640,"comment_status":"closed","ping_status":"closed","template":"","meta":[],"product_brand":[338],"product_cat":[163],"product_tag":[],"class_list":["post-8205","product","type-product","status-publish","has-post-thumbnail","product_brand-amladcykler-de","product_cat-ersatzteile","first","instock","taxable","shipping-taxable","purchasable","product-type-simple"],"yoast_head":"<!-- This site is optimized with the Yoast SEO plugin v28.3 - https:\/\/yoast.com\/product\/yoast-seo-wordpress\/ -->\n<title>St\u00e4nder f\u00fcr Bakfiets.<\/title>\n<meta name=\"description\" content=\"St\u00e4nder f\u00fcr Bakfiets! Bei Amladcykler haben wir eine gro\u00dfe Auswahl an Ersatzteilen - und die besten Preise auf dem Markt! SCHNELLE LIEFERUNG - NIEDRIGER PREIS\" \/>\n<meta name=\"robots\" content=\"index, follow, max-snippet:-1, max-image-preview:large, max-video-preview:-1\" \/>\n<link rel=\"canonical\" href=\"https:\/\/amladcykler.com\/de\/product\/staender-bakfiets\/\" \/>\n<meta property=\"og:locale\" content=\"de_DE\" \/>\n<meta property=\"og:type\" content=\"article\" \/>\n<meta property=\"og:title\" content=\"St\u00e4nder f\u00fcr Bakfiets.\" \/>\n<meta property=\"og:description\" content=\"St\u00e4nder f\u00fcr Bakfiets! Bei Amladcykler haben wir eine gro\u00dfe Auswahl an Ersatzteilen - und die besten Preise auf dem Markt! SCHNELLE LIEFERUNG - NIEDRIGER PREIS\" \/>\n<meta property=\"og:url\" content=\"https:\/\/amladcykler.com\/de\/product\/staender-bakfiets\/\" \/>\n<meta property=\"og:site_name\" content=\"Amladcykler.com\" \/>\n<meta property=\"article:publisher\" content=\"https:\/\/www.facebook.com\/ladcykel\" \/>\n<meta property=\"article:modified_time\" content=\"2025-03-07T08:10:25+00:00\" \/>\n<meta property=\"og:image\" content=\"https:\/\/amladcykler.com\/wp-content\/uploads\/2020\/05\/St\u00f8tteben.jpg\" \/>\n\t<meta property=\"og:image:width\" content=\"444\" \/>\n\t<meta property=\"og:image:height\" content=\"600\" \/>\n\t<meta property=\"og:image:type\" content=\"image\/jpeg\" \/>\n<meta name=\"twitter:card\" content=\"summary_large_image\" \/>\n<meta name=\"twitter:site\" content=\"@amladcykler\" \/>\n<script type=\"application\/ld+json\" class=\"yoast-schema-graph\">{\"@context\":\"https:\\\/\\\/schema.org\",\"@graph\":[{\"@type\":\"WebPage\",\"@id\":\"https:\\\/\\\/amladcykler.com\\\/de\\\/product\\\/staender-bakfiets\\\/\",\"url\":\"https:\\\/\\\/amladcykler.com\\\/de\\\/product\\\/staender-bakfiets\\\/\",\"name\":\"St\u00e4nder f\u00fcr Bakfiets.\",\"isPartOf\":{\"@id\":\"https:\\\/\\\/amladcykler.com\\\/de\\\/#website\"},\"primaryImageOfPage\":{\"@id\":\"https:\\\/\\\/amladcykler.com\\\/de\\\/product\\\/staender-bakfiets\\\/#primaryimage\"},\"image\":{\"@id\":\"https:\\\/\\\/amladcykler.com\\\/de\\\/product\\\/staender-bakfiets\\\/#primaryimage\"},\"thumbnailUrl\":\"https:\\\/\\\/amladcykler.com\\\/wp-content\\\/uploads\\\/2020\\\/05\\\/St\u00f8tteben.jpg\",\"datePublished\":\"2020-05-27T06:10:36+00:00\",\"dateModified\":\"2025-03-07T08:10:25+00:00\",\"description\":\"St\u00e4nder f\u00fcr Bakfiets! Bei Amladcykler haben wir eine gro\u00dfe Auswahl an Ersatzteilen - und die besten Preise auf dem Markt! SCHNELLE LIEFERUNG - NIEDRIGER PREIS\",\"breadcrumb\":{\"@id\":\"https:\\\/\\\/amladcykler.com\\\/de\\\/product\\\/staender-bakfiets\\\/#breadcrumb\"},\"inLanguage\":\"de\",\"potentialAction\":[{\"@type\":\"ReadAction\",\"target\":[\"https:\\\/\\\/amladcykler.com\\\/de\\\/product\\\/staender-bakfiets\\\/\"]}]},{\"@type\":\"ImageObject\",\"inLanguage\":\"de\",\"@id\":\"https:\\\/\\\/amladcykler.com\\\/de\\\/product\\\/staender-bakfiets\\\/#primaryimage\",\"url\":\"https:\\\/\\\/amladcykler.com\\\/wp-content\\\/uploads\\\/2020\\\/05\\\/St\u00f8tteben.jpg\",\"contentUrl\":\"https:\\\/\\\/amladcykler.com\\\/wp-content\\\/uploads\\\/2020\\\/05\\\/St\u00f8tteben.jpg\",\"width\":444,\"height\":600,\"caption\":\"St\u00e4nder - Bakfiets\"},{\"@type\":\"BreadcrumbList\",\"@id\":\"https:\\\/\\\/amladcykler.com\\\/de\\\/product\\\/staender-bakfiets\\\/#breadcrumb\",\"itemListElement\":[{\"@type\":\"ListItem\",\"position\":1,\"name\":\"Home\",\"item\":\"https:\\\/\\\/amladcykler.com\\\/de\\\/\"},{\"@type\":\"ListItem\",\"position\":2,\"name\":\"Shop\",\"item\":\"https:\\\/\\\/amladcykler.com\\\/shop\\\/\"},{\"@type\":\"ListItem\",\"position\":3,\"name\":\"St\u00e4nder &#8211; Bakfiets\"}]},{\"@type\":\"WebSite\",\"@id\":\"https:\\\/\\\/amladcykler.com\\\/de\\\/#website\",\"url\":\"https:\\\/\\\/amladcykler.com\\\/de\\\/\",\"name\":\"Amladcykler.com\",\"description\":\"Cargo bike enthusiasts, since 1992\",\"publisher\":{\"@id\":\"https:\\\/\\\/amladcykler.com\\\/de\\\/#organization\"},\"potentialAction\":[{\"@type\":\"SearchAction\",\"target\":{\"@type\":\"EntryPoint\",\"urlTemplate\":\"https:\\\/\\\/amladcykler.com\\\/de\\\/?s={search_term_string}\"},\"query-input\":{\"@type\":\"PropertyValueSpecification\",\"valueRequired\":true,\"valueName\":\"search_term_string\"}}],\"inLanguage\":\"de\"},{\"@type\":\"Organization\",\"@id\":\"https:\\\/\\\/amladcykler.com\\\/de\\\/#organization\",\"name\":\"Andersen & Meldgaard A\\\/S\",\"url\":\"https:\\\/\\\/amladcykler.com\\\/de\\\/\",\"logo\":{\"@type\":\"ImageObject\",\"inLanguage\":\"de\",\"@id\":\"https:\\\/\\\/amladcykler.com\\\/de\\\/#\\\/schema\\\/logo\\\/image\\\/\",\"url\":\"https:\\\/\\\/amladcykler.com\\\/wp-content\\\/uploads\\\/2025\\\/03\\\/Amladcykler.com-logo-1025x1025-Uden-baggrund.png\",\"contentUrl\":\"https:\\\/\\\/amladcykler.com\\\/wp-content\\\/uploads\\\/2025\\\/03\\\/Amladcykler.com-logo-1025x1025-Uden-baggrund.png\",\"width\":1025,\"height\":1025,\"caption\":\"Andersen & Meldgaard A\\\/S\"},\"image\":{\"@id\":\"https:\\\/\\\/amladcykler.com\\\/de\\\/#\\\/schema\\\/logo\\\/image\\\/\"},\"sameAs\":[\"https:\\\/\\\/www.facebook.com\\\/ladcykel\",\"https:\\\/\\\/x.com\\\/amladcykler\",\"https:\\\/\\\/www.linkedin.com\\\/company\\\/amladcykler\\\/\",\"https:\\\/\\\/www.youtube.com\\\/channel\\\/UCG9qwiqZHe9bDeCzHYcc0eQ\",\"https:\\\/\\\/www.instagram.com\\\/amladcykler\\\/\"]}]}<\/script>\n<!-- \/ Yoast SEO plugin. -->","yoast_head_json":{"title":"St\u00e4nder f\u00fcr Bakfiets.","description":"St\u00e4nder f\u00fcr Bakfiets! Bei Amladcykler haben wir eine gro\u00dfe Auswahl an Ersatzteilen - und die besten Preise auf dem Markt! SCHNELLE LIEFERUNG - NIEDRIGER PREIS","robots":{"index":"index","follow":"follow","max-snippet":"max-snippet:-1","max-image-preview":"max-image-preview:large","max-video-preview":"max-video-preview:-1"},"canonical":"https:\/\/amladcykler.com\/de\/product\/staender-bakfiets\/","og_locale":"de_DE","og_type":"article","og_title":"St\u00e4nder f\u00fcr Bakfiets.","og_description":"St\u00e4nder f\u00fcr Bakfiets! Bei Amladcykler haben wir eine gro\u00dfe Auswahl an Ersatzteilen - und die besten Preise auf dem Markt! SCHNELLE LIEFERUNG - NIEDRIGER PREIS","og_url":"https:\/\/amladcykler.com\/de\/product\/staender-bakfiets\/","og_site_name":"Amladcykler.com","article_publisher":"https:\/\/www.facebook.com\/ladcykel","article_modified_time":"2025-03-07T08:10:25+00:00","og_image":[{"width":444,"height":600,"url":"https:\/\/amladcykler.com\/wp-content\/uploads\/2020\/05\/St\u00f8tteben.jpg","type":"image\/jpeg"}],"twitter_card":"summary_large_image","twitter_site":"@amladcykler","schema":{"@context":"https:\/\/schema.org","@graph":[{"@type":"WebPage","@id":"https:\/\/amladcykler.com\/de\/product\/staender-bakfiets\/","url":"https:\/\/amladcykler.com\/de\/product\/staender-bakfiets\/","name":"St\u00e4nder f\u00fcr Bakfiets.","isPartOf":{"@id":"https:\/\/amladcykler.com\/de\/#website"},"primaryImageOfPage":{"@id":"https:\/\/amladcykler.com\/de\/product\/staender-bakfiets\/#primaryimage"},"image":{"@id":"https:\/\/amladcykler.com\/de\/product\/staender-bakfiets\/#primaryimage"},"thumbnailUrl":"https:\/\/amladcykler.com\/wp-content\/uploads\/2020\/05\/St\u00f8tteben.jpg","datePublished":"2020-05-27T06:10:36+00:00","dateModified":"2025-03-07T08:10:25+00:00","description":"St\u00e4nder f\u00fcr Bakfiets! Bei Amladcykler haben wir eine gro\u00dfe Auswahl an Ersatzteilen - und die besten Preise auf dem Markt! SCHNELLE LIEFERUNG - NIEDRIGER PREIS","breadcrumb":{"@id":"https:\/\/amladcykler.com\/de\/product\/staender-bakfiets\/#breadcrumb"},"inLanguage":"de","potentialAction":[{"@type":"ReadAction","target":["https:\/\/amladcykler.com\/de\/product\/staender-bakfiets\/"]}]},{"@type":"ImageObject","inLanguage":"de","@id":"https:\/\/amladcykler.com\/de\/product\/staender-bakfiets\/#primaryimage","url":"https:\/\/amladcykler.com\/wp-content\/uploads\/2020\/05\/St\u00f8tteben.jpg","contentUrl":"https:\/\/amladcykler.com\/wp-content\/uploads\/2020\/05\/St\u00f8tteben.jpg","width":444,"height":600,"caption":"St\u00e4nder - Bakfiets"},{"@type":"BreadcrumbList","@id":"https:\/\/amladcykler.com\/de\/product\/staender-bakfiets\/#breadcrumb","itemListElement":[{"@type":"ListItem","position":1,"name":"Home","item":"https:\/\/amladcykler.com\/de\/"},{"@type":"ListItem","position":2,"name":"Shop","item":"https:\/\/amladcykler.com\/shop\/"},{"@type":"ListItem","position":3,"name":"St\u00e4nder &#8211; Bakfiets"}]},{"@type":"WebSite","@id":"https:\/\/amladcykler.com\/de\/#website","url":"https:\/\/amladcykler.com\/de\/","name":"Amladcykler.com","description":"Cargo bike enthusiasts, since 1992","publisher":{"@id":"https:\/\/amladcykler.com\/de\/#organization"},"potentialAction":[{"@type":"SearchAction","target":{"@type":"EntryPoint","urlTemplate":"https:\/\/amladcykler.com\/de\/?s={search_term_string}"},"query-input":{"@type":"PropertyValueSpecification","valueRequired":true,"valueName":"search_term_string"}}],"inLanguage":"de"},{"@type":"Organization","@id":"https:\/\/amladcykler.com\/de\/#organization","name":"Andersen & Meldgaard A\/S","url":"https:\/\/amladcykler.com\/de\/","logo":{"@type":"ImageObject","inLanguage":"de","@id":"https:\/\/amladcykler.com\/de\/#\/schema\/logo\/image\/","url":"https:\/\/amladcykler.com\/wp-content\/uploads\/2025\/03\/Amladcykler.com-logo-1025x1025-Uden-baggrund.png","contentUrl":"https:\/\/amladcykler.com\/wp-content\/uploads\/2025\/03\/Amladcykler.com-logo-1025x1025-Uden-baggrund.png","width":1025,"height":1025,"caption":"Andersen & Meldgaard A\/S"},"image":{"@id":"https:\/\/amladcykler.com\/de\/#\/schema\/logo\/image\/"},"sameAs":["https:\/\/www.facebook.com\/ladcykel","https:\/\/x.com\/amladcykler","https:\/\/www.linkedin.com\/company\/amladcykler\/","https:\/\/www.youtube.com\/channel\/UCG9qwiqZHe9bDeCzHYcc0eQ","https:\/\/www.instagram.com\/amladcykler\/"]}]}},"_links":{"self":[{"href":"https:\/\/amladcykler.com\/de\/wp-json\/wp\/v2\/product\/8205","targetHints":{"allow":["GET"]}}],"collection":[{"href":"https:\/\/amladcykler.com\/de\/wp-json\/wp\/v2\/product"}],"about":[{"href":"https:\/\/amladcykler.com\/de\/wp-json\/wp\/v2\/types\/product"}],"replies":[{"embeddable":true,"href":"https:\/\/amladcykler.com\/de\/wp-json\/wp\/v2\/comments?post=8205"}],"wp:featuredmedia":[{"embeddable":true,"href":"https:\/\/amladcykler.com\/de\/wp-json\/wp\/v2\/media\/6640"}],"wp:attachment":[{"href":"https:\/\/amladcykler.com\/de\/wp-json\/wp\/v2\/media?parent=8205"}],"wp:term":[{"taxonomy":"product_brand","embeddable":true,"href":"https:\/\/amladcykler.com\/de\/wp-json\/wp\/v2\/product_brand?post=8205"},{"taxonomy":"product_cat","embeddable":true,"href":"https:\/\/amladcykler.com\/de\/wp-json\/wp\/v2\/product_cat?post=8205"},{"taxonomy":"product_tag","embeddable":true,"href":"https:\/\/amladcykler.com\/de\/wp-json\/wp\/v2\/product_tag?post=8205"}],"curies":[{"name":"wp","href":"https:\/\/api.w.org\/{rel}","templated":true}]}}

Ständer &#8211; Bakfiets

<h2>Ständer für Bakfiets</h2>
<p>Dieses Ersatzteil passt für das Modell Bakfiets.</p>
<p>Er ist aus einem robusten Material gefertigt, das perfekt für raues Wetter geeignet ist.</p>
<p>Der Stützfuß ist stabil und flexibel, so dass er leicht mit dem Fuß hoch- und runtergekickt werden kann und das Fahrrad gut stützt.</p>
<p>Den Ständer können Sie leicht selbst als Ersatzteil austauschen.</p>
<p><span class="Y2IQFc" lang="en">Feder und Gummipuffer nicht enthalten. Die Feder des alten Ständers muss wiederverwendet werden. </span></p>
<p>Farbe: Schwarz</p>

<!-- This site is optimized with the Yoast SEO plugin v28.3 - https://yoast.com/product/yoast-seo-wordpress/ -->
<title>Ständer für Bakfiets.</title>
<meta name="description" content="Ständer für Bakfiets! Bei Amladcykler haben wir eine große Auswahl an Ersatzteilen - und die besten Preise auf dem Markt! SCHNELLE LIEFERUNG - NIEDRIGER PREIS" />
<meta name="robots" content="index, follow, max-snippet:-1, max-image-preview:large, max-video-preview:-1" />
<link rel="canonical" href="https://amladcykler.com/de/product/staender-bakfiets/" />
<meta property="og:locale" content="de_DE" />
<meta property="og:type" content="article" />
<meta property="og:title" content="Ständer für Bakfiets." />
<meta property="og:description" content="Ständer für Bakfiets! Bei Amladcykler haben wir eine große Auswahl an Ersatzteilen - und die besten Preise auf dem Markt! SCHNELLE LIEFERUNG - NIEDRIGER PREIS" />
<meta property="og:url" content="https://amladcykler.com/de/product/staender-bakfiets/" />
<meta property="og:site_name" content="Amladcykler.com" />
<meta property="article:publisher" content="https://www.facebook.com/ladcykel" />
<meta property="article:modified_time" content="2025-03-07T08:10:25+00:00" />
<meta property="og:image" content="https://amladcykler.com/wp-content/uploads/2020/05/Støtteben.jpg" />
	<meta property="og:image:width" content="444" />
	<meta property="og:image:height" content="600" />
	<meta property="og:image:type" content="image/jpeg" />
<meta name="twitter:card" content="summary_large_image" />
<meta name="twitter:site" content="@amladcykler" />
<script type="application/ld+json" class="yoast-schema-graph">{"@context":"https:\/\/schema.org","@graph":[{"@type":"WebPage","@id":"https:\/\/amladcykler.com\/de\/product\/staender-bakfiets\/","url":"https:\/\/amladcykler.com\/de\/product\/staender-bakfiets\/","name":"Ständer für Bakfiets.","isPartOf":{"@id":"https:\/\/amladcykler.com\/de\/#website"},"primaryImageOfPage":{"@id":"https:\/\/amladcykler.com\/de\/product\/staender-bakfiets\/#primaryimage"},"image":{"@id":"https:\/\/amladcykler.com\/de\/product\/staender-bakfiets\/#primaryimage"},"thumbnailUrl":"https:\/\/amladcykler.com\/wp-content\/uploads\/2020\/05\/Støtteben.jpg","datePublished":"2020-05-27T06:10:36+00:00","dateModified":"2025-03-07T08:10:25+00:00","description":"Ständer für Bakfiets! Bei Amladcykler haben wir eine große Auswahl an Ersatzteilen - und die besten Preise auf dem Markt! SCHNELLE LIEFERUNG - NIEDRIGER PREIS","breadcrumb":{"@id":"https:\/\/amladcykler.com\/de\/product\/staender-bakfiets\/#breadcrumb"},"inLanguage":"de","potentialAction":[{"@type":"ReadAction","target":["https:\/\/amladcykler.com\/de\/product\/staender-bakfiets\/"]}]},{"@type":"ImageObject","inLanguage":"de","@id":"https:\/\/amladcykler.com\/de\/product\/staender-bakfiets\/#primaryimage","url":"https:\/\/amladcykler.com\/wp-content\/uploads\/2020\/05\/Støtteben.jpg","contentUrl":"https:\/\/amladcykler.com\/wp-content\/uploads\/2020\/05\/Støtteben.jpg","width":444,"height":600,"caption":"Ständer - Bakfiets"},{"@type":"BreadcrumbList","@id":"https:\/\/amladcykler.com\/de\/product\/staender-bakfiets\/#breadcrumb","itemListElement":[{"@type":"ListItem","position":1,"name":"Home","item":"https:\/\/amladcykler.com\/de\/"},{"@type":"ListItem","position":2,"name":"Shop","item":"https:\/\/amladcykler.com\/shop\/"},{"@type":"ListItem","position":3,"name":"Ständer &#8211; Bakfiets"}]},{"@type":"WebSite","@id":"https:\/\/amladcykler.com\/de\/#website","url":"https:\/\/amladcykler.com\/de\/","name":"Amladcykler.com","description":"Cargo bike enthusiasts, since 1992","publisher":{"@id":"https:\/\/amladcykler.com\/de\/#organization"},"potentialAction":[{"@type":"SearchAction","target":{"@type":"EntryPoint","urlTemplate":"https:\/\/amladcykler.com\/de\/?s={search_term_string}"},"query-input":{"@type":"PropertyValueSpecification","valueRequired":true,"valueName":"search_term_string"}}],"inLanguage":"de"},{"@type":"Organization","@id":"https:\/\/amladcykler.com\/de\/#organization","name":"Andersen & Meldgaard A\/S","url":"https:\/\/amladcykler.com\/de\/","logo":{"@type":"ImageObject","inLanguage":"de","@id":"https:\/\/amladcykler.com\/de\/#\/schema\/logo\/image\/","url":"https:\/\/amladcykler.com\/wp-content\/uploads\/2025\/03\/Amladcykler.com-logo-1025x1025-Uden-baggrund.png","contentUrl":"https:\/\/amladcykler.com\/wp-content\/uploads\/2025\/03\/Amladcykler.com-logo-1025x1025-Uden-baggrund.png","width":1025,"height":1025,"caption":"Andersen & Meldgaard A\/S"},"image":{"@id":"https:\/\/amladcykler.com\/de\/#\/schema\/logo\/image\/"},"sameAs":["https:\/\/www.facebook.com\/ladcykel","https:\/\/x.com\/amladcykler","https:\/\/www.linkedin.com\/company\/amladcykler\/","https:\/\/www.youtube.com\/channel\/UCG9qwiqZHe9bDeCzHYcc0eQ","https:\/\/www.instagram.com\/amladcykler\/"]}]}</script>
<!-- / Yoast SEO plugin. -->

Ständer für Bakfiets.

Ständer für Bakfiets! Bei Amladcykler haben wir eine große Auswahl an Ersatzteilen - und die besten Preise auf dem Markt! SCHNELLE LIEFERUNG - NIEDRIGER PREIS

https://amladcykler.com/wp-content/uploads/2020/05/Støtteben.jpg

Ständer - Bakfiets
